ime?
False
Let l = -567980 + 1057377. Is l a composite number?
True
Suppose 3*p + 522299 = -14*y + 19*y, 0 = y - 2*p - 104457. Is y a prime number?
False
Let t(k) = 1089*k**2 + 4*k - 8. Let h(b) = -b**3 - 8*b**2 - 15*b - 21. Let i be h(-6). Is t(i) a composite number?
False
Let g = 4375 - 1496. Is g a composite number?
False
Let g be 4*-10*48/(-80). Is ((749850/g)/(-25))/(2/(-8)) prime?
True
Let c(r) = 16*r - 16. Let u be c(2). Suppose s = -0*s + b + 4, s + 3*b = -u. Is -5 + 3 + s/((-2)/3206) composite?
False
Let h be 1/1 - (-304359 + 7). Suppose h - 22218 = 21*k. Is k a prime number?
False
Let f = -60239 - -88582. Is f a prime number?
False
Suppose 3*r + 3 = -u, 0 = 3*r - 2*r + 2. Suppose -u*j = -362 + 1262. Is (-8728)/(-7) - (j/42 + 7) composite?
True
Let v(f) = 2*f**2 - 55*f + 159. Is v(66) a composite number?
True
Suppose 11*h - 62 = 15. Suppose h*k + 16 = 3*k, 4*o - 2*k - 13624 = 0. Suppose -3*t + o = 5*u, -u + 706 = 3*t + 18. Is u a prime number?
False
Let d(j) = -3*j**3 - 74*j**2 - 112*j + 50. Is d(-39) composite?
False
Suppose -36*o + 2641524 = -4637064. Is o composite?
False
Let k be -5 + 3 - (-2)/((-8)/(-3356)). Suppose -k = -b + 2*c, b = -5*c - 0*c + 851. Is b composite?
True
Suppose -2*p - 2 = -2*w, 4*p - 10 = -0*w - 3*w. Let n be (p/(-2)*-20)/2. Is (-914)/(-18) + n/((-225)/(-10)) composite?
True
Suppose -4*q + 3*v + 77225 = 0, 15854 - 112386 = -5*q + 3*v. Is q prime?
False
Suppose -2*b - 18 = -26. Suppose b*f + 9*n - 4*n - 15 = 0, 2*n - 23 = -5*f. Suppose f*l + 3*x - 4283 - 3270 = 0, 0 = 5*l + 4*x - 7549. Is l composite?
True
Suppose -1 = 7*j - 15. Suppose -8*i - 59131 = -m - 4*i, -j*m - i = -118217. Suppose x = -12*x + m. Is x composite?
False
Let g(u) = 54 - 88 + 53 + 4*u + 39*u**2 + 14. Is g(-4) composite?
False
Let m be 0/(-5 - -3) - -110. Suppose 28*t + m = 33*t. Suppose -5*k = -2 + t, 5*y - 13982 = -2*k. Is y composite?
True
Is (-83686344)/(-1015) + (-7)/(-5) a prime number?
False
Is 16779 - -7*20/10 a composite number?
True
Let b = -4 + 4. Suppose 4*x + 2*x - 6684 = b. Suppose -3*y = -5*y + x. Is y a composite number?
False
Suppose -4*m - 2*z = -6511396, -z - 119645 = -4*m + 6391751. Is m composite?
False
Let h(j) = -89*j + 213. Let m(q) = q**3 + 11*q**2 + 15*q - 43. Let z be m(-9). Is h(z) prime?
True
Let l(c) = c**2 - 5*c - 11. Let p be l(7). Suppose -40 = p*w + 7*w. Is (-420 - 2)*(-2)/w*-1 composite?
False
Let q(c) = c**3 + 5*c**2 - 2*c - 3. Let v be q(-4). Suppose 5*p + 5*d = 5, 2*d + v = p - d. Suppose -33 = p*g - 555. Is g a composite number?
True
Suppose -4*b = -2*v - 1 - 9, -2*b + 9 = 3*v. Suppose 2*n - n - 2*f - 6537 = 0, -5*f + 19600 = b*n. Is n prime?
False
Suppose 0 = 4*r - 2*p - 296, 4*p - 18 - 140 = -2*r. Let u = r - 61. Is 225540/196 - (-4)/u composite?
False
Let f = -702 + 2115. Suppose 4*h - 7200 = -i + f, -2*i + 2 = 0. Is h composite?
False
Let p = -54 + 30. Let d = p + 30. Suppose -4361 = -d*i - i. Is i a composite number?
True
Let z be (6/216*9)/((-1)/(-22996)). Let x = 15140 - z. Is x a composite number?
False
Let s = -22 - -22. Let y(a) be the third derivative of -a**5/60 - a**4/24 + 407*a**3/6 + 7*a**2. Is y(s) composite?
True
Let r be (-13)/(-4) + (-5)/20. Suppose 12 = 2*b + 2*b, -4*h + r*b = 509. Let j = 238 + h. Is j composite?
False
Let m be 2/(-4)*(-26 + 2/1). Let j = -10 + m. Suppose -2*u + 233 = 4*a - 283, -j*u - 2*a + 520 = 0. Is u composite?
True
Let y be 126/30 - (-7)/(-35). Suppose 5*m = t - 524 - 1704, m = y*t - 8969. Is t composite?
False
Suppose 3*u - 122232 = z + 124780, 0 = -3*z + 15. Is u a prime number?
True
Let r(b) = b**3 - 9*b**2 + 2. Let a be r(9). Suppose 2*d - 3*q = 2, a*d - 3*d - 4 = q. Let l(j) = -211*j - 3. Is l(d) a composite number?
False
Let z(v) = 274*v + 19. Let o = 70 - 76. Let l be z(o). Let x = -1156 - l. Is x a prime number?
False
Let b be -4371 + (3 - 7)/(0 + 2). Let k = 9115 + b. Is k a composite number?
True
Suppose 0 = -11*c + 28287 + 8465 - 6249. Is c composite?
True
Let d = -13976 - -21037. Is d a prime number?
False
Let p(g) = 13*g + 17. Let i be p(-2). Is (1/2*1)/(i/(-26298)) a composite number?
True
Suppose 0 = w - 7969 - 5129. Suppose 0 = 7*t - w + 610. Suppose -5*l - 4*z = -2672 + 441, -3*z = 4*l - t. Is l composite?
False
Let u(x) = 212*x**2 + 2*x - 8. Let p = 132 + -135. Is u(p) a composite number?
True
Let u be ((-2)/28*7)/((-1)/10). Suppose -2*p = -p - 4*w + 14, 5*p = 2*w + 2. Suppose -p*v = u*i - 6919, -v = 2*i - 703 - 2756. Is v a prime number?
True
Let a = -29 - -37. Suppose -33166 = a*l + 12858. Let y = -2320 - l. Is y composite?
False
Suppose 0 = -78*z + 55*z + 1206281. Is z a composite number?
True
Let s be 63/(-28)*4/(-3). Suppose -3*b = -0*b + s*l - 6, -5*b + 10 = -4*l. Suppose -3*f - 1007 = -4*w, -2*f - 255 = -w + b*f. Is w composite?
False
Is (-6*(-7 - -1)/72)/((-1)/(-116598)) a composite number?
True
Suppose z + 2*u - 122174 = 0, 182*u - 178*u = 4*z - 488744. Is z a composite number?
True
Let d(q) = 3*q**2 - 26*q - 5. Let o be d(9). Suppose 5721 = 2*k + v, -o*k + 2*v + 11373 = -89. Is k a composite number?
True
Suppose 3*f - 14*y - 42 = -11*y, 40 = 3*f - y. Suppose 10*q - f - 17 = 0. Is q/(12/(-8)) + 1483 a composite number?
False
Suppose 9*x = 8*x - 392. Suppose -3*l + 3*v = -3946 - 6053, -2*v - 13328 = -4*l. Let b = l + x. Is b a prime number?
True
Let i = 498942 - 347477. Is i composite?
True
Let t = 334507 + -198344. Is t a prime number?
True
Let q be 60/9 - ((-2)/(-3) + -1). Let g be (((-14)/(-4))/q)/((-1)/(-298)). Suppose -4*k = 5*t - 596, k - t = 4*t + g. Is k a prime number?
True
Suppose 2121*u - 2042*u = 53880607. Is u composite?
True
Let p = -29 + 31. Let o be ((-24)/(-36))/(p/(-3)). Is -4 + (562 - -4) - o composite?
False
Suppose 0 = 5*v + 4*x - 461025, -1388 = -v + 2*x + 90803. Is v prime?
False
Let k(t) = 4226*t + 5492. Is k(75) prime?
False
Suppose -2383660 = -5*p + 5*u, -p - 26626 = -5*u - 503338. Is p composite?
False
Let v(z) = -1365*z - 52 + 380*z - 154*z - 12. Is v(-3) composite?
True
Is -2*-5*2*(-12 + 578115/36) composite?
True
Let y be (-1 - (-2)/(-4))*762768/(-108). Suppose -3641 = 17*q - y. Is q a composite number?
False
Let b = -55 - -70. Let l be (-604)/(-20) + (3 + -6)/b. Suppose g = -l + 89. Is g composite?
False
Suppose 6*k - 21 - 3 = 0. Suppose 5*g - 7801 = -2*r, k*g + r - 2*r = 6233. Is g composite?
False
Suppose -32137406 = -135*m - 9210491. Is m prime?
False
Suppose 2*g + 5*i - 553979 = 0, 4*g - 3*i - 1158369 = -50320. Is g composite?
False
Is (47626/6 - -2)/((1708/6132)/61) prime?
False
Let u be ((-11385)/88)/(-23) - 3/(-8). Suppose u*l = -l + 2051. Is l composite?
False
Suppose 101 = -5*d + 86, 5*d = -j - 12. Let t = 0 - 0. Suppose -j*r + 436 = 5*u, t = -3*r - r + u + 566. Is r composite?
True
Let z be 1 - (-3)/(9/6). Let a(m) = 556*m + 16 - 30 + 49*m. Is a(z) a prime number?
True
Suppose -5*l = -5*p - 0*l + 315455, -4*l = p - 63106. Suppose -3*k + 62728 = 4*t, -p = -3*t - k - 16043. Is t composite?
True
Suppose -4*x - 10 + 2 = 3*z, z = -5*x - 10. Is 21 - 25 - (-721 - z) composite?
True
Suppose 6*i - 3*i + 32 = 5*d, -12 = i - 2*d. Is -22394*(21/6 + i) a prime number?
True
Let q = -186 - -197. Suppose -52281 = -q*v + 3478. Is v a composite number?
True
Let d(r) = 884*r - 49. Let k(h) = 442*h - 25. Let t(m) = 2*d(m) - 5*k(m). Is t(-13) a prime number?
False
Suppose 360 = -0*d + 3*d. Is 5842/16 + 5*(-3)/d composite?
True
Suppose 5*f - 24122 = -2*o + 9067, -3*f - 3*o + 19917 = 0. Is f a prime number?
True
Let h = -11482 + 37821. Is h prime?
True
Let h(n) = 88*n**2 - 25*n + 16. Let v(x) = -178*x**2 + 48*x - 32. Let z(p) = -5*h(p) - 3*v(p). Is z(7) a prime number?
False
Suppose -o = -4*i - 152, -o = -i + 6*i - 179. Suppose -o*k + 1438 = -162*k. Is k composite?
False
Let u(y) = y**3 + 9*y**2 + 11*y + 10. Let m = -41 + 33. Let r be u(m). Is (21/r)/((-3)/754) a composite number?
True
Suppose 17*a = 6*a + 43505. Let v(u) = -u**3 + 18*u**2 + 30*u - 2. Let f be v(24). Let j = f + a. Is j a composite number?
False
Let r = 2927 + -13923. Let g = r - -17685. Is g composite?
False
Suppose 0 = 49*s - 15*s - 397766. Is s prime?
True
Let i be ((-20)/(-6))/(6 - 91/15). Let k = i - -48. Is 879*(-3)/(-36)*(2 - k) prime?
True
Suppose 15*u + 85 = 250. Let k(c) = 0 - 12*c**2 + 2*c**3 - 3 + 2 - 2. Is k(u) a composite number?
Tr